t -32aa (base 16) to base 12.
-760a
What is -201001100 (base 3) in base 7?
-55326
Convert -b83 (base 13) to base 11.
-1528
What is 613 (base 13) in base 2?
10000000110
-466 (base 8) to base 3
-102111
Convert 11333 (base 7) to base 11.
2210
1267 (base 14) to base 15
e52
What is 5363 (base 10) in base 4?
1103303
101a0 (base 13) to base 12
14850
-3104 (base 6) to base 15
-30d
Convert -101010110 (base 2) to base 7.
-666
What is -4800 (base 9) in base 6?
-24300
1111100 (base 2) to base 3
11121
What is 334 (base 7) in base 16?
ac
What is -13020 (base 8) in base 16?
-1610
-1a37 (base 13) to base 5
-111213
Convert 21011121 (base 3) to base 7.
21145
What is 855c (base 13) in base 6?
221350
What is -14748 (base 9) in base 8?
-23550
342355 (base 6) to base 10
29087
What is -15 (base 7) in base 2?
-1100
What is -b537 (base 15) in base 6?
-453154
-1000010000000 (base 2) to base 15
-13b9
-56099 (base 11) to base 7
-456011
What is 1514325 (base 6) in base 14?
2400d
Convert -28240 (base 12) to base 10.
-55632
82a (base 11) to base 13
5bc
What is 12661 (base 7) in base 12?
1b94
Convert 6421 (base 9) to base 13.
21bb
What is 4781 (base 10) in base 5?
123111
Convert a9a (base 13) to base 14.
93b
What is -4aa7 (base 11) in base 3?
-100010100
What is -326 (base 11) in base 2?
-110000111
What is 26502 (base 8) in base 4?
2311002
What is 201222 (base 4) in base 15?
989
Convert -1568 (base 10) to base 11.
-11a6
Convert -3043 (base 7) to base 10.
-1060
What is a (base 16) in base 10?
10
116205 (base 7) to base 10
21369
110100101001101 (base 2) to base 16
694d
Convert 111011011001100 (base 2) to base 15.
9027
-1d1 (base 16) to base 11
-393
What is -12061 (base 8) in base 12?
-2ba9
-14313 (base 5) to base 7
-3344
Convert 3352 (base 6) to base 16.
314
What is -2560 (base 10) in base 11?
-1a18
119a2 (base 11) to base 13
7a80
-121126 (base 7) to base 14
-804d
Convert -550 (base 10) to base 14.
-2b4
Convert -2022323 (base 4) to base 6.
-105055
-38a5 (base 11) to base 7
-20541
What is 36360 (base 7) in base 10?
9450
Convert -10301 (base 4) to base 12.
-215
Convert 133030 (base 4) to base 8.
3714
Convert -2685 (base 13) to base 8.
-12615
What is -10141 (base 5) in base 15?
-2eb
30414 (base 6) to base 13
1abc
Convert -633 (base 11) to base 4.
-23322
3234 (base 7) to base 4
102000
Convert -31221 (base 4) to base 12.
-609
Convert -111311 (base 4) to base 2.
-10101110101
What is -427 (base 8) in base 3?
-101100
What is -2 (base 4) in base 16?
-2
Convert -10230100 (base 4) to base 7.
-110011
-2576 (base 14) to base 6
-50232
4a2 (base 12) to base 13
419
Convert -4315 (base 6) to base 16.
-3d7
11011010010 (base 2) to base 13
a44
What is -7c8 (base 13) in base 15?
-5ec
Convert 1000001 (base 3) to base 14.
3a2
Convert 120023 (base 4) to base 2.
11000001011
What is 122022 (base 4) in base 2?
11010001010
333 (base 10) to base 14
19b
21122 (base 6) to base 13
13bb
What is -116454 (base 7) in base 3?
-1002111100
Convert 182b1 (base 13) to base 5.
2442434
What is 365 (base 9) in base 6?
1222
11605 (base 7) to base 10
3043
-3441 (base 7) to base 12
-886
What is 25e2 (base 15) in base 12?
481b
Convert 3747 (base 8) to base 12.
1207
Convert -110001010100011 (base 2) to base 12.
-12743
Convert -1011111112 (base 3) to base 10.
-22964
What is 25120 (base 9) in base 3?
212010200
Convert -12484 (base 14) to base 2.
-1010111100000100
40a (base 15) to base 4
32032
What is -61621 (base 8) in base 16?
-6391
-35221 (base 6) to base 2
-1001110111101
What is -a8 (base 11) in base 10?
-118
Convert 2d4c (base 14) to base 5.
224404
What is 67434 (base 9) in base 10?
44824
What is 35833 (base 9) in base 16?
5dc6
What is 21293 (base 12) in base 8?
125117
What is 2424 (base 12) in base 14?
16a0
-1122 (base 3) to base 8
-54
What is -5b74 (base 13) in base 15?
-3c79
Convert -46242 (base 9) to base 13.
-11048
What is 10220121 (base 3) in base 11?
2162
What is -6859 (base 13) in base 14?
-5476
12a0 (base 12) to base 14
ac8
What is 25b (base 12) in base 14?
1b9
Convert 72648 (base 10) to base 7.
421542
54522 (base 6) to base 11
5733
15665 (base 7) to base 11
3392
Convert 1000302 (base 4) to base 12.
2496
What is -1428 (base 11) in base 5?
-24340
Convert 12114 (base 5) to base 15.
409
100010010010 (base 2) to base 6
14054
Convert -28a7 (base 13) to base 7.
-23103
111100111 (base 2) to base 8
747
2e (base 16) to base 15
31
What is a82c (base 13) in base 2?
101101101000000
Convert -15083 (base 9) to base 7.
-41655
What is -253a (base 14) in base 10?
-6520
What is -1c3 (base 14) in base 4?
-11233
15462 (base 8) to base 16
1b32
5175 (base 8) to base 9
3613
What is 17710 (base 8) in base 16?
1fc8
2066 (base 16) to base 11
6260
What is 1000021 (base 3) in base 10?
736
Convert -202351 (base 8) to base 5.
-4114133
What is 4045 (base 10) in base 16?
fcd
Convert -65d9 (base 16) to base 12.
-13109
Convert -35611 (base 8) to base 5.
-441431
What is 13636 (base 7) in base 4?
322213
-249 (base 11) to base 10
-295
-5d5 (base 14) to base 12
-813
What is 112212 (base 3) in base 10?
401
What is -18466 (base 11) in base 5?
-1311340
Convert 5256 (base 7) to base 11.
1436
Convert -11100001 (base 2) to base 16.
-e1
1064 (base 8) to base 14
2c4
21112 (base 4) to base 5
4343
What is -53267 (base 9) in base 15?
-a67a
8816 (base 9) to base 11
4975
Convert 51c (base 14) to base 8.
1756
Convert -3123 (base 5) to base 2.
-110011101
Convert -3077 (base 16) to base 4.
-3001313
What is 312004 (base 5) in base 6?
115250
What is -1712 (base 11) in base 9?
-3004
112101 (base 3) to base 12
284
Convert -203420 (base 7) to base 9.
-52725
Convert -5c3 (base 14) to base 8.
-2177
45236 (base 7) to base 11
8664
-16016 (base 7) to base 2
-1000101111000
10110001101 (base 2) to base 11
1082
24301 (base 11) to base 8
104232
-115613 (base 7) to base 5
-1134402
What is -121412 (base 5) in base 2?
-1000111111111
What is -4b (base 16) in base 5?
-300
24120 (base 5) to base 6
12133
What is -33c (base 15) in base 5?
-10412
Convert -1148 (base 9) to base 4.
-31112
What is 1100000001 (base 2) in base 14?
3cd
What is -100101110100 (base 2) in base 10?
-2420
-10b93 (base 13) to base 11
-20a44
Convert 275 (base 8) to base 10.
189
What is -818 (base 9) in base 13?
-3c2
Convert -2432 (base 8) to base 6.
-10014
What is 3621 (base 8) in base 12?
1155
What is -40253 (base 8) in base 14?
-6067
What is 650 (base 7) in base 11?
27a
Convert -67 (base 12) to base 5.
-304
-4305 (base 9) to base 15
-e0e
What is b391 (base 14) in base 8?
74263
What is 13222 (base 4) in base 7?
1300
What is -33d9 (base 16) in base 3?
-200012121
120111 (base 4) to base 8
3025
Convert -71c (base 15) to base 13.
-963
What is -1051124 (base 6) in base 15?
-10c54
36349 (base 11) to base 10
52325
What is -5a2c (base 16) in base 9?
-34588
What is -265 (base 16) in base 6?
-2501
-19549 (base 10) to base 3
-222211001
Convert 29535 (base 12) to base 8.
160671
Convert -3677 (base 11) to base 16.
-12c3
What is 3c9 (base 14) in base 11?
636
Convert 1943 (base 12) to base 13.
1527
-563 (base 15) to base 6
-5350
Convert 4b02 (base 14) to base 4.
3031032
What is 1289b (base 12) in base 11?
18149
What is 110100100 (base 2) in base 10?
420
1111011010110111 (base 2) to base 14
19035
Convert -2012200 (base 3) to base 16.
-64b
Convert -1a133 (base 11) to base 10.
-28108
Convert -366 (base 11) to base 10.
-435
Convert 430124 (base 5) to base 15.
440e
1112121 (base 3) to base 11
931
What is -333022 (base 4) in base 10?
-4042
-110100110111101 (base 2) to base 15
-8049
What is -55a (base 13) in base 15?
-415
What is 6755 (base 11) in base 9?
13171
Convert -1014032 (base 6) to base 9.
-73882
Convert a8f2 (base 16) to base 13.
168bc
Convert 5667 (base 14) to base 3.
202120002
-33032 (base 4) to base 9
-1302
What is 1096 (base 11) in base 13?
866
Convert 2618 (base 10) to base 15.
b98
Convert 67f7 (base 16) to base 2.
110011111110111
Convert -1865 (base 9) to base 5.
-21221
What is -20120 (base 4) in base 12?
-388
Convert 697 (base 10) to base 13.
418
311 (base 9) to base 12
191
What is -516 (base 11) in base 4?
-21232
What is 2420 (base 8) in base 2?
10100010000
What is -939 (base 13) in base 6?
-11133
What is 77726 (base 9) in base 2?
1100100110100101
467 (base 11) to base 15
272
-100110010 (base 2) to base 10
-306
Convert